and 705?
235
Calculate the greatest common factor of 6904 and 40.
8
What is the highest common factor of 472972 and 776?
388
Calculate the highest common divisor of 9576 and 51264.
72
Calculate the highest common divisor of 33 and 17457.
33
Calculate the highest common factor of 20740 and 2580.
20
What is the highest common divisor of 199815 and 66?
33
What is the highest common divisor of 931 and 1715?
49
Calculate the greatest common divisor of 3426 and 9.
3
Calculate the highest common factor of 50249 and 2766.
461
What is the highest common divisor of 988 and 59904?
52
Calculate the highest common factor of 30 and 14244.
6
What is the greatest common factor of 627 and 43491?
57
Calculate the highest common factor of 18396 and 966.
42
Calculate the greatest common divisor of 27 and 15831.
9
Calculate the highest common factor of 26221 and 26.
13
What is the highest common divisor of 104775 and 1?
1
What is the greatest common factor of 4284 and 222156?
612
What is the greatest common divisor of 40 and 1139720?
40
What is the greatest common divisor of 1245361 and 39?
13
Calculate the greatest common divisor of 2546 and 16663.
19
What is the greatest common factor of 17666 and 1089?
121
What is the greatest common factor of 2244 and 33792?
132
What is the highest common factor of 2604 and 103416?
372
What is the highest common divisor of 3 and 22250?
1
Calculate the greatest common divisor of 201432 and 5450.
218
What is the greatest common divisor of 261 and 45153?
261
What is the greatest common divisor of 1960 and 1344?
56
Calculate the greatest common factor of 9529 and 26.
13
What is the highest common factor of 118 and 15635?
59
Calculate the greatest common factor of 202875 and 84396.
1623
What is the highest common factor of 1692 and 83895?
141
What is the greatest common divisor of 594 and 424413?
297
Calculate the greatest common factor of 463634 and 322.
46
What is the highest common divisor of 556 and 4652?
4
What is the greatest common divisor of 3420 and 1764?
36
Calculate the greatest common factor of 1937 and 3133.
13
What is the highest common divisor of 1752912 and 720?
144
What is the highest common factor of 30 and 179560?
10
Calculate the highest common divisor of 284315 and 1010.
505
Calculate the greatest common factor of 2575 and 184885.
515
What is the greatest common factor of 3446863 and 7?
7
What is the greatest common divisor of 2716 and 1036?
28
Calculate the greatest common factor of 10005 and 492246.
2001
What is the greatest common factor of 984 and 57400?
328
What is the highest common divisor of 51825 and 200?
25
What is the greatest common factor of 190344 and 55?
11
Calculate the greatest common factor of 140 and 1238475.
35
Calculate the greatest common factor of 1515 and 2891125.
505
Calculate the highest common divisor of 32897 and 10802.
491
Calculate the greatest common divisor of 8170 and 1805.
95
Calculate the greatest common factor of 14751 and 1980.
99
What is the greatest common factor of 496 and 88?
8
Calculate the greatest common divisor of 390 and 446589.
39
Calculate the greatest common factor of 169 and 40729.
169
What is the greatest common factor of 14 and 19859518?
14
What is the highest common factor of 6672 and 16656?
48
Calculate the greatest common factor of 24 and 5192.
8
Calculate the greatest common factor of 124 and 153450.
62
Calculate the highest common divisor of 717 and 20145549.
717
What is the greatest common divisor of 140 and 1915?
5
What is the greatest common factor of 43284 and 24?
12
Calculate the greatest common factor of 3265 and 2108537.
653
What is the highest common factor of 211224 and 36?
12
Calculate the greatest common factor of 122 and 170861.
61
What is the highest common divisor of 349861 and 271?
271
Calculate the greatest common divisor of 87300 and 234.
18
Calculate the highest common factor of 34 and 76721.
17
What is the highest common factor of 2988 and 3047013?
747
What is the greatest common divisor of 180285 and 1530?
255
What is the greatest common divisor of 317164 and 1036?
148
Calculate the greatest common divisor of 20125 and 3703.
161
What is the greatest common divisor of 906 and 182106?
906
What is the highest common divisor of 9 and 7971?
3
Calculate the highest common factor of 310 and 28954.
62
Calculate the highest common divisor of 31217 and 33231.
1007
What is the highest common divisor of 4950 and 3275?
25
What is the highest common divisor of 26159 and 1554?
259
Calculate the greatest common factor of 8688 and 2184.
24
What is the greatest common factor of 2422 and 732655?
1211
Calculate the highest common divisor of 1737240 and 2790.
930
Calculate the highest common divisor of 6539 and 1053.
13
Calculate the greatest common divisor of 697 and 18037.
17
What is the greatest common factor of 35148 and 42108?
348
Calculate the greatest common divisor of 296 and 25672.
8
Calculate the greatest common factor of 157612 and 364.
364
What is the highest common factor of 3875050 and 266?
38
What is the highest common factor of 25 and 342325?
25
What is the greatest common divisor of 12309 and 429?
33
Calculate the greatest common divisor of 186 and 146878.
62
Calculate the greatest common divisor of 1595898 and 18.
18
What is the greatest common divisor of 5632 and 3904?
64
What is the highest common divisor of 930 and 23622?
186
Calculate the greatest common factor of 10 and 261330.
10
What is the greatest common divisor of 228 and 18692?
4
Calculate the highest common divisor of 85 and 142000.
5
Calculate the greatest common divisor of 294 and 219226.
98
Calculate the highest common factor of 865 and 500.
5
Calculate the greatest common factor of 114655 and 230.
115
Calculate the greatest common factor of 11018 and 14.
14
What is the highest common divisor of 88550 and 154?
154
Calculate the highest common divisor of 400077 and 9.
9
Calculate the greatest common factor of 186 and 12.
6
Calculate the highest common factor of 6705 and 120.
15
What is the greatest common factor of 26013 and 108537?
897
Calculate the highest common factor of 6669 and 923.
13
Calculate the greatest common factor of 168 and 432.
24
Calculate the highest common factor of 126 and 16236.
18
What is the greatest common factor of 241709 and 13?
13
Calculate the highest common factor of 4187104 and 128.
32
What is the greatest common divisor of 74529 and 507?
507
Calculate the highest common factor of 23268 and 60.
12
What is the highest common factor of 1223008 and 288?
32
What is the highest common factor of 1052225 and 50?
25
Calculate the greatest common factor of 6846372 and 468.
468
What is the highest common factor of 40579 and 357?
119
Calculate the greatest common factor of 341 and 1116.
31
What is the highest common divisor of 86564 and 67?
67
What is the highest common factor of 54808 and 8190?
26
What is the highest common divisor of 29484 and 4860?
324
What is the greatest common factor of 198 and 340076?
22
Calculate the highest common divisor of 1815067 and 6339.
2113
Calculate the highest common divisor of 39040 and 740.
20
What is the highest common divisor of 26040 and 39990?
930
Calculate the highest common factor of 2184 and 1442.
14
What is the greatest common divisor of 61845 and 4788?
399
What is the highest common divisor of 2430 and 21609?
9
Calculate the highest common divisor of 1646 and 5251563.
823
What is the greatest common factor of 7 and 28651?
7
What is the highest common divisor of 245 and 23716?
49
What is the highest common divisor of 12 and 55113?
3
What is the highest common factor of 69 and 19713?
3
Calculate the highest common divisor of 73215 and 4545.
45
Calculate the greatest common factor of 28830 and 60.
30
What is the greatest common factor of 220 and 6440?
20
Calculate the greatest common divisor of 678 and 9831.
339
What is the greatest common divisor of 21440 and 15760?
80
Calculate the greatest common factor of 3781 and 152.
19
What is the highest common factor of 736 and 682180?
92
What is the greatest common factor of 158168 and 306?
34
Calculate the greatest common divisor of 306 and 22797.
153
Calculate the greatest common divisor of 448 and 16448.
64
Calculate the highest common factor of 19500 and 4608.
1